 i(144). Suppose -2*m = -3*m + 308. What is the greatest common divisor of m and p?
28
Let j(m) = 360*m**3 + m**2 - 3*m + 2. Let b be j(1). What is the greatest common factor of 70 and b?
10
Suppose 1675 - 531 = 22*f. Let y(o) = o**3 + 15*o**2 - 10*o - 46. Let l be y(-15). What is the greatest common divisor of f and l?
52
Let j(h) = 3*h**2 + h - 32. Let s be j(-8). Suppose -s*k - 558 = -170*k. What is the greatest common factor of k and 2?
1
Let x be (20/60)/(2/102). Let p be 179 + (11 + 2 - 5). What is the highest common divisor of p and x?
17
Let u = -12258 + 12608. Calculate the greatest common divisor of 4270 and u.
70
Suppose 16*i = i + 150. Suppose -33 = -i*g + 47. What is the greatest common divisor of 72 and g?
8
Suppose -5*n - 1928 = -2*v + 417, -4*n = 4*v - 4788. Calculate the greatest common divisor of 350 and v.
70
Suppose -38 = -4*g + a - 1, 3*g - 22 = -5*a. Let f(l) = 3*l + 96. Let t = 348 - 371. Let r be f(t). Calculate the highest common factor of r and g.
9
Let x be (-1 + -1 - (-63302)/(-93))*-15. What is the highest common divisor of 80 and x?
80
Let o(v) = v + 14. Let q be o(-13). Let f be (0/5)/q + 115. Let x = f + -62. Calculate the highest common factor of 159 and x.
53
Let j be (-1312)/(-4) - (-5 - 7). Calculate the greatest common divisor of 60 and j.
20
Let p be (234/(-39))/((-15)/160). What is the highest common factor of p and 368?
16
Let m(h) = -h**2 - 156*h - 2266. Let s be m(-121). Calculate the greatest common factor of s and 1.
1
Let i = -44 - 57. Suppose -9 = 46*f - 49*f, -2*f + 124 = m. Let a = i + m. Calculate the greatest common factor of a and 51.
17
Let c be (-29 - -73895)*2/12. Calculate the greatest common divisor of 39 and c.
13
Suppose 1338 = 22*d - 4998. Calculate the greatest common factor of 3312 and d.
144
Let g be 12/33 + 3129/77. Let m = 269 + 264. Calculate the highest common divisor of g and m.
41
Let p be 12/18*(65 - 5). Let b = -37 + 95. Let q = b - p. What is the greatest common factor of q and 144?
18
Let s = 585 - 354. Let t = 249 - s. Calculate the highest common divisor of t and 486.
18
Suppose -78 - 12 = -18*r. Suppose h = r*h - 20. Suppose 0 = h*t - 3*t - 36. What is the greatest common divisor of 9 and t?
9
Suppose -21*k + 23980 = -6*k - 5*k. Calculate the highest common divisor of k and 22.
22
Let k = -3288 + 3307. Calculate the greatest common divisor of 1216 and k.
19
Let g(f) be the first derivative of -1/4*f**4 - 10 - 2/3*f**3 - 2*f - 2*f**2. Let d be g(-2). Calculate the highest common factor of 6 and d.
6
Let i(m) be the first derivative of m**4/4 + m**3 - m - 4. Let w be i(-2). Suppose 6*c + 18*c = 576. What is the greatest common divisor of c and w?
3
Suppose z + 2*z = -r + 6, 0 = 5*r + z + 12. Let m be -3*(r/2 - 16/(-32)). Suppose -m*o + 116 = 101. Calculate the highest common divisor of 20 and o.
5
Let p = -3012 - -3516. What is the greatest common divisor of 1736 and p?
56
Suppose 8*a + 792 = -432. Let g = a + 162. What is the highest common divisor of 36 and g?
9
Suppose 11134 = 4*p - 21*t + 18*t, 2*p + 3*t = 5558. What is the highest common factor of p and 321?
107
Let c be (-16665)/(-2222)*(14/6 - -1). What is the greatest common factor of 2425 and c?
25
Let q(b) = b**3 + 88*b**2 - 1785*b + 225. Let w be q(-105). What is the greatest common divisor of 3420 and w?
45
Suppose -75*p + 34174 + 38961 = -50840. What is the highest common factor of p and 145?
29
Suppose 0*z - 4*u - 117 = -5*z, 3*z = u + 66. What is the highest common divisor of z and 39?
3
Let g be 0/(-2) - (-43 - -6). Let s = -29 + g. Let l be (s/(-12))/((-6)/207). What is the highest common factor of 23 and l?
23
Suppose -511 = 102*n - 8161. Let a be (-10)/((-4)/2) - 1. Suppose y - a*y = -90. What is the highest common factor of n and y?
15
Let r be (-2 - -2)*36/(-180). Suppose r = n - 3*h - 35, 4*h - 70 - 22 = -3*n. Calculate the greatest common divisor of n and 240.
16
Let m be 5166/14 - (0 - 3). Suppose m - 449 = -11*w. Calculate the greatest common factor of 301 and w.
7
Suppose 5*f + 209 = 4*q, 0*q = q + 3*f - 48. Calculate the highest common factor of 119 and q.
17
Let n = -6168 - -6228. What is the highest common factor of 1596 and n?
12
Let x be ((-45)/(-2))/3*56/84. Let j be (-10)/(-25) + x/((-75)/(-249)). Calculate the highest common factor of 136 and j.
17
Suppose 3*m - 2*m = 34. Let a(u) = -u + 197. Let c be a(27). Suppose 172*d - 476 = c*d. What is the greatest common divisor of m and d?
34
Let h be (4 + -63)*(-2 + 3). Let v = h + 84. Suppose -q + 4 = 0, 22*q - 20*q - 1008 = -5*y. What is the greatest common divisor of v and y?
25
Let x be 119/(-63)*-9 + (-4 - -7 - 0). What is the greatest common factor of 128 and x?
4
Let q be (-60)/(((-1026)/(-48))/(-19))*(-582)/(-4). Calculate the highest common factor of 240 and q.
80
Suppose -5*v - 141 + 181 = 0. Let n be (-12*3/v)/(2/(-212)). What is the highest common factor of n and 9?
9
Let k = -1545 - -1570. Calculate the highest common divisor of 8725 and k.
25
Suppose -33*k + 8495 = -11107. What is the highest common divisor of k and 126?
18
Let u(o) = 0 - 39 + 0 - 2*o - 16. Let t be u(0). Let k = t + 64. Calculate the highest common factor of k and 6.
3
Let i = -5078 + 7907. What is the greatest common divisor of i and 138?
69
Let a = 6607 + -3493. What is the greatest common divisor of a and 18?
18
Suppose 708*p - 394786 = -696*p + 1390*p. Calculate the highest common divisor of p and 173.
173
Let d = 1351 + -1311. Calculate the highest common divisor of d and 4400.
40
Let l be (-1 - (-3)/5) + (-74680)/(-200). Suppose -5*h = -j + 111, -5*j + 74 = 2*h - l. Calculate the highest common divisor of j and 28.
7
Let f be (-2)/5 + 1448/20. Let r = 1682 - 1658. What is the highest common divisor of f and r?
24
Suppose 3*o + 2*s - 114 = 0, 57*s = o + 54*s - 27. Suppose -4*h + 486 = -h. What is the greatest common divisor of o and h?
18
Suppose 4*r + 2*b = 668, -2*r + 22174*b - 22173*b + 346 = 0. Suppose -55 = -m + 149. What is the highest common factor of r and m?
34
Suppose -u = 3*v - 5, -4*u + 0*v + 4*v = -4. Suppose -2*y + 91 = -u*s - 127, -3*s = 3*y - 345. What is the highest common factor of y and 28?
28
Let k be 0*(-5 + (55/10)/1). Suppose k = -4*y + 156 + 244. Let m(g) = -g**3 + g**2 - g + 20. Let h be m(0). Calculate the highest common divisor of y and h.
20
Let f = 106 + 24. Suppose -f*o + 132*o = -6. Let r = o + 45. Calculate the highest common factor of 21 and r.
21
Let v = -2815 - -3051. What is the greatest common divisor of v and 20?
4
Let n be -3*(-33)/9*(6 + 402 + -5). What is the highest common divisor of 4092 and n?
341
Let i = 203 - 346. Let g = 155 + i. Calculate the highest common divisor of g and 204.
12
Suppose -38*w = -37*w + 38. Let f = w - -51. Calculate the greatest common divisor of f and 91.
13
Let p be (-7)/(-35)*85 + -11. Let j be (-10)/(-70) - 293/(-7). What is the greatest common divisor of p and j?
6
Let g be (-476)/(-35) + 2 + (-26)/10. Suppose 0 = -s + g*l - 15*l + 25, 2*s = -5*l + 54. Calculate the highest common divisor of s and 1.
1
Let l(k) = 5*k + 52. Let z be l(-8). Let p = z + -5. Calculate the greatest common divisor of p and 91.
7
Let p = -45 - -49. Suppose -5*f + 4*a + 47 = -113, -128 = -p*f - 4*a. Calculate the greatest common factor of f and 32.
32
Suppose -5*k + 85 - 35 = 0. Suppose 51*c - 55*c = 24. Let f be ((-4)/c)/(14/315). Calculate the highest common divisor of f and k.
5
Let r(a) = 2477*a + 7551. Let k be r(-3). Calculate the highest common divisor of 38040 and k.
120
Let q(x) = 139*x + 2748. Let o be q(-12). Calculate the highest common factor of o and 960.
120
Suppose m = 9 + 2. Let r be (88/(-5 - -3))/(-1). Let a = r - 0. What is the highest common factor of m and a?
11
Let p(k) = -41*k + 436. Let i be p(-14). What is the highest common divisor of i and 20?
10
Let u be 5/(-1*(1 + -2)). Let y(c) = 2*c**2 + 2*c + 1. Suppose 17*n + 23*n = 14*n. Let f be y(n). Calculate the highest common factor of f and u.
1
Let s(p) = p**2 + 6*p - 4. Let r be s(1). Suppose 5*o = d + 7, -r*o + 11 = 6*d - 10*d. What is the greatest common divisor of o and 1?
1
Let m(n) = -336*n - 651. Let c be m(-2). What is the greatest common factor of 5901 and c?
21
Let g = 11309 - 11229. What is the highest common divisor of g